{"id":1200,"date":"2023-08-25T18:49:25","date_gmt":"2023-08-25T21:49:25","guid":{"rendered":"http:\/\/desabhc.ticma.com.ar\/?page_id=1200"},"modified":"2023-08-25T18:50:07","modified_gmt":"2023-08-25T21:50:07","slug":"old-vineyard-semillon-2","status":"publish","type":"page","link":"https:\/\/bodegahcanale.com\/eng\/old-vineyard-semillon-2\/","title":{"rendered":"Old Vineyard Semill\u00f3n"},"content":{"rendered":"<div data-elementor-type=\"wp-page\" data-elementor-id=\"1200\" class=\"elementor elementor-1200\" data-elementor-post-type=\"page\">\n\t\t\t\t<div class=\"elementor-element elementor-element-4348329c e-flex e-con-boxed e-con e-parent\" data-id=\"4348329c\" data-element_type=\"container\">\n\t\t\t\t\t<div class=\"e-con-inner\">\n\t\t<div class=\"elementor-element elementor-element-7e97047 e-con-full e-flex e-con e-parent\" data-id=\"7e97047\" data-element_type=\"container\">\n\t\t\t\t<div class=\"elementor-element elementor-element-27f6be23 elementor-widget elementor-widget-image\" data-id=\"27f6be23\" data-element_type=\"widget\" data-widget_type=\"image.default\">\n\t\t\t\t<div class=\"elementor-widget-container\">\n\t\t\t\t\t\t\t\t\t\t\t\t\t\t\t<img fetchpriority=\"high\" decoding=\"async\" width=\"198\" height=\"772\" src=\"https:\/\/bodegahcanale.com\/wp-content\/uploads\/2023\/08\/Humberto-Canale-481.png\" class=\"attachment-full size-full wp-image-701\" alt=\"\" srcset=\"https:\/\/bodegahcanale.com\/wp-content\/uploads\/2023\/08\/Humberto-Canale-481.png 198w, https:\/\/bodegahcanale.com\/wp-content\/uploads\/2023\/08\/Humberto-Canale-481-77x300.png 77w\" sizes=\"(max-width: 198px) 100vw, 198px\" \/>\t\t\t\t\t\t\t\t\t\t\t\t\t\t\t<\/div>\n\t\t\t\t<\/div>\n\t\t\t\t<\/div>\n\t\t<div class=\"elementor-element elementor-element-5c74bec6 e-con-full e-flex e-con e-parent\" data-id=\"5c74bec6\" data-element_type=\"container\">\n\t\t\t\t<div class=\"elementor-element elementor-element-7766cbeb elementor-widget elementor-widget-heading\" data-id=\"7766cbeb\" data-element_type=\"widget\" data-widget_type=\"heading.default\">\n\t\t\t\t<div class=\"elementor-widget-container\">\n\t\t\t\t\t<h2 class=\"elementor-heading-title elementor-size-default\">COMPOSITION<\/h2>\t\t\t\t<\/div>\n\t\t\t\t<\/div>\n\t\t\t\t<div class=\"elementor-element elementor-element-f57433f elementor-widget elementor-widget-text-editor\" data-id=\"f57433f\" data-element_type=\"widget\" data-widget_type=\"text-editor.default\">\n\t\t\t\t<div class=\"elementor-widget-container\">\n\t\t\t\t\t\t\t\t\t<p>Varietal 100%<\/p>\t\t\t\t\t\t\t\t<\/div>\n\t\t\t\t<\/div>\n\t\t\t\t<div class=\"elementor-element elementor-element-a321e2f elementor-widget elementor-widget-heading\" data-id=\"a321e2f\" data-element_type=\"widget\" data-widget_type=\"heading.default\">\n\t\t\t\t<div class=\"elementor-widget-container\">\n\t\t\t\t\t<h2 class=\"elementor-heading-title elementor-size-default\">ORIGIN<\/h2>\t\t\t\t<\/div>\n\t\t\t\t<\/div>\n\t\t\t\t<div class=\"elementor-element elementor-element-3997f29e elementor-widget elementor-widget-text-editor\" data-id=\"3997f29e\" data-element_type=\"widget\" data-widget_type=\"text-editor.default\">\n\t\t\t\t<div class=\"elementor-widget-container\">\n\t\t\t\t\t\t\t\t\t<p>own vineyards of more than 60 years located in General Roca, Upper Valley of Rio Negro, Patagonia.<\/p>\t\t\t\t\t\t\t\t<\/div>\n\t\t\t\t<\/div>\n\t\t\t\t<div class=\"elementor-element elementor-element-528ec058 elementor-widget elementor-widget-heading\" data-id=\"528ec058\" data-element_type=\"widget\" data-widget_type=\"heading.default\">\n\t\t\t\t<div class=\"elementor-widget-container\">\n\t\t\t\t\t<h2 class=\"elementor-heading-title elementor-size-default\">SAVE<\/h2>\t\t\t\t<\/div>\n\t\t\t\t<\/div>\n\t\t\t\t<div class=\"elementor-element elementor-element-2bf9bc46 elementor-widget elementor-widget-text-editor\" data-id=\"2bf9bc46\" data-element_type=\"widget\" data-widget_type=\"text-editor.default\">\n\t\t\t\t<div class=\"elementor-widget-container\">\n\t\t\t\t\t\t\t\t\t<p>10 years<\/p>\t\t\t\t\t\t\t\t<\/div>\n\t\t\t\t<\/div>\n\t\t\t\t<div class=\"elementor-element elementor-element-127291bc elementor-widget elementor-widget-heading\" data-id=\"127291bc\" data-element_type=\"widget\" data-widget_type=\"heading.default\">\n\t\t\t\t<div class=\"elementor-widget-container\">\n\t\t\t\t\t<h2 class=\"elementor-heading-title elementor-size-default\">TASTING NOTES<\/h2>\t\t\t\t<\/div>\n\t\t\t\t<\/div>\n\t\t\t\t<div class=\"elementor-element elementor-element-5b0c2266 elementor-widget elementor-widget-text-editor\" data-id=\"5b0c2266\" data-element_type=\"widget\" data-widget_type=\"text-editor.default\">\n\t\t\t\t<div class=\"elementor-widget-container\">\n\t\t\t\t\t\t\t\t\t<p>Intense garnet red color and slight tile colors in the ring; Fruity of blackberry and currant, some green pepper characteristic of the variety; In the mouth stands out its middle body, came very soft and velvety, with faint notes of vanilla and chocolate, long end\nof mouth. A classic of our Patagonian production.<\/p>\t\t\t\t\t\t\t\t<\/div>\n\t\t\t\t<\/div>\n\t\t\t\t<div class=\"elementor-element elementor-element-64c78dfb elementor-widget elementor-widget-eael-creative-button\" data-id=\"64c78dfb\" data-element_type=\"widget\" data-widget_type=\"eael-creative-button.default\">\n\t\t\t\t<div class=\"elementor-widget-container\">\n\t\t\t\t\t        <div class=\"eael-creative-button-wrapper\">\n\n            <a class=\"eael-creative-button eael-creative-button--default\" href=\"http:\/\/desabhc.ticma.com.ar\/wp-content\/uploads\/2023\/08\/FICHA-Canale-Intimo-Cabernet-Sauvignon.pdf\" target=\"_blank\" data-text=\"\">\n\n\t    \n                <div class=\"creative-button-inner\">\n\n                    \n                    <span class=\"cretive-button-text\">DATA SHEET<\/span>\n\n                                    <\/div>\n\t                        <\/a>\n        <\/div>\n\t\t\t\t<\/div>\n\t\t\t\t<\/div>\n\t\t\t\t<\/div>\n\t\t\t\t\t<\/div>\n\t\t\t\t<\/div>\n\t\t<div class=\"elementor-element elementor-element-6d1bb017 e-flex e-con-boxed e-con e-parent\" data-id=\"6d1bb017\" data-element_type=\"container\" data-settings=\"{&quot;background_background&quot;:&quot;classic&quot;}\">\n\t\t\t\t\t<div class=\"e-con-inner\">\n\t\t<div class=\"elementor-element elementor-element-485a0c4e e-con-full e-flex e-con e-parent\" data-id=\"485a0c4e\" data-element_type=\"container\">\n\t\t\t\t<div class=\"elementor-element elementor-element-1dff18fb elementor-widget elementor-widget-image\" data-id=\"1dff18fb\" data-element_type=\"widget\" data-widget_type=\"image.default\">\n\t\t\t\t<div class=\"elementor-widget-container\">\n\t\t\t\t\t\t\t\t\t\t\t\t\t\t\t<img decoding=\"async\" width=\"906\" height=\"451\" src=\"https:\/\/bodegahcanale.com\/wp-content\/uploads\/2023\/08\/Logo-Humberto-Canale-Footer.png\" class=\"attachment-full size-full wp-image-153\" alt=\"\" srcset=\"https:\/\/bodegahcanale.com\/wp-content\/uploads\/2023\/08\/Logo-Humberto-Canale-Footer.png 906w, https:\/\/bodegahcanale.com\/wp-content\/uploads\/2023\/08\/Logo-Humberto-Canale-Footer-300x149.png 300w, https:\/\/bodegahcanale.com\/wp-content\/uploads\/2023\/08\/Logo-Humberto-Canale-Footer-768x382.png 768w\" sizes=\"(max-width: 906px) 100vw, 906px\" \/>\t\t\t\t\t\t\t\t\t\t\t\t\t\t\t<\/div>\n\t\t\t\t<\/div>\n\t\t\t\t<\/div>\n\t\t<div class=\"elementor-element elementor-element-252c8690 e-con-full e-flex e-con e-parent\" data-id=\"252c8690\" data-element_type=\"container\">\n\t\t\t\t<div class=\"elementor-element elementor-element-1744e5a elementor-widget elementor-widget-text-editor\" data-id=\"1744e5a\" data-element_type=\"widget\" data-widget_type=\"text-editor.default\">\n\t\t\t\t<div class=\"elementor-widget-container\">\n\t\t\t\t\t\t\t\t\t<p class=\"phoneNumerFooter\"><a href=\"http:\/\/desabhc.ticma.com.ar\/nosotros\">About Us<\/a><br>\n<a href=\"http:\/\/desabhc.ticma.com.ar\/terroir\">Terroir<\/a><br>\n<a href=\"http:\/\/desabhc.ticma.com.ar\/vinos\">Vinos<\/a><br>\n<a href=\"http:\/\/desabhc.ticma.com.ar\/visitas\">Visits<\/a><br>\n<a href=\"https:\/\/shop.bodegahcanale.com\/ag\/\">Shop<\/a><br>\n<a href=\"http:\/\/desabhc.ticma.com.ar\/contacto\">Contact<\/a><\/p>\t\t\t\t\t\t\t\t<\/div>\n\t\t\t\t<\/div>\n\t\t\t\t<\/div>\n\t\t<div class=\"elementor-element elementor-element-5425ca7d e-con-full e-flex e-con e-parent\" data-id=\"5425ca7d\" data-element_type=\"container\">\n\t\t\t\t<div class=\"elementor-element elementor-element-66bd8f8c elementor-widget elementor-widget-text-editor\" data-id=\"66bd8f8c\" data-element_type=\"widget\" data-widget_type=\"text-editor.default\">\n\t\t\t\t<div class=\"elementor-widget-container\">\n\t\t\t\t\t\t\t\t\t<p>Chacra 186, General Roca.<\/p><p>R\u00edo Negro, Argentina<\/p>\t\t\t\t\t\t\t\t<\/div>\n\t\t\t\t<\/div>\n\t\t\t\t<div class=\"elementor-element elementor-element-1417d061 phoneNumerFooter elementor-widget elementor-widget-text-editor\" data-id=\"1417d061\" data-element_type=\"widget\" data-widget_type=\"text-editor.default\">\n\t\t\t\t<div class=\"elementor-widget-container\">\n\t\t\t\t\t\t\t\t\t<p class=\"phoneNumerFooter\"><a href=\"mailto:info@bodegahcanale.com\">info@bodegahcanale.com<\/a><\/p>\t\t\t\t\t\t\t\t<\/div>\n\t\t\t\t<\/div>\n\t\t\t\t<div class=\"elementor-element elementor-element-58382f03 phoneNumerFooter elementor-widget elementor-widget-text-editor\" data-id=\"58382f03\" data-element_type=\"widget\" data-widget_type=\"text-editor.default\">\n\t\t\t\t<div class=\"elementor-widget-container\">\n\t\t\t\t\t\t\t\t\t<p class=\"phoneNumerFooter\">Tourism \/ Visits <a href=\"tel: 5492984549396\">+5492984549396<\/a><\/p>\t\t\t\t\t\t\t\t<\/div>\n\t\t\t\t<\/div>\n\t\t\t\t<div class=\"elementor-element elementor-element-39e5dae elementor-icon-list--layout-inline elementor-list-item-link-full_width elementor-widget elementor-widget-icon-list\" data-id=\"39e5dae\" data-element_type=\"widget\" data-widget_type=\"icon-list.default\">\n\t\t\t\t<div class=\"elementor-widget-container\">\n\t\t\t\t\t\t\t<ul class=\"elementor-icon-list-items elementor-inline-items\">\n\t\t\t\t\t\t\t<li class=\"elementor-icon-list-item elementor-inline-item\">\n\t\t\t\t\t\t\t\t\t\t\t<a href=\"#\" target=\"_blank\">\n\n\t\t\t\t\t\t\t\t\t\t\t\t<span class=\"elementor-icon-list-icon\">\n\t\t\t\t\t\t\t<svg xmlns=\"http:\/\/www.w3.org\/2000\/svg\" id=\"Capa_1\" data-name=\"Capa 1\" viewbox=\"0 0 80 80\"><defs><style> .cls-1 { fill: #f7ebd4; fill-rule: evenodd; } <\/style><\/defs><path class=\"cls-1\" d=\"m30.26,40.3v36.26c0,.52.42.94.94.94h13.47c.52,0,.94-.42.94-.94v-36.85h9.76c.49,0,.9-.38.94-.86l.94-11.1c.05-.55-.39-1.02-.94-1.02h-10.7v-7.88c0-1.85,1.5-3.34,3.34-3.34h7.52c.52,0,.94-.42.94-.94V3.44c0-.52-.42-.94-.94-.94h-12.71c-7.46,0-13.51,6.05-13.51,13.51v10.7h-6.73c-.52,0-.94.42-.94.94v11.1c0,.52.42.94.94.94h6.73v.59Z\"><\/path><\/svg>\t\t\t\t\t\t<\/span>\n\t\t\t\t\t\t\t\t\t\t<span class=\"elementor-icon-list-text\"><\/span>\n\t\t\t\t\t\t\t\t\t\t\t<\/a>\n\t\t\t\t\t\t\t\t\t<\/li>\n\t\t\t\t\t\t\t\t<li class=\"elementor-icon-list-item elementor-inline-item\">\n\t\t\t\t\t\t\t\t\t\t\t<a href=\"#\" target=\"_blank\">\n\n\t\t\t\t\t\t\t\t\t\t\t\t<span class=\"elementor-icon-list-icon\">\n\t\t\t\t\t\t\t<svg xmlns=\"http:\/\/www.w3.org\/2000\/svg\" id=\"Capa_1\" data-name=\"Capa 1\" viewbox=\"0 0 80 80\"><defs><style> .cls-1 { fill: #f7ebd4; } <\/style><\/defs><circle class=\"cls-1\" cx=\"59.86\" cy=\"20.29\" r=\"4.4\"><\/circle><path class=\"cls-1\" d=\"m40.31,21.53c-10.18,0-18.47,8.29-18.47,18.47s8.29,18.47,18.47,18.47,18.47-8.29,18.47-18.47-8.29-18.47-18.47-18.47Zm0,30.3c-6.52,0-11.83-5.31-11.83-11.83s5.31-11.83,11.83-11.83,11.83,5.31,11.83,11.83-5.31,11.83-11.83,11.83Z\"><\/path><path class=\"cls-1\" d=\"m54.97,77.5h-29.94c-12.42,0-22.53-10.11-22.53-22.53v-29.94C2.5,12.61,12.61,2.5,25.03,2.5h29.94c12.42,0,22.53,10.11,22.53,22.53v29.94c0,12.42-10.11,22.53-22.53,22.53ZM25.03,9.56c-8.53,0-15.47,6.94-15.47,15.47v29.94c0,8.53,6.94,15.47,15.47,15.47h29.94c8.53,0,15.47-6.94,15.47-15.47v-29.94c0-8.53-6.94-15.47-15.47-15.47h-29.94Z\"><\/path><\/svg>\t\t\t\t\t\t<\/span>\n\t\t\t\t\t\t\t\t\t\t<span class=\"elementor-icon-list-text\"><\/span>\n\t\t\t\t\t\t\t\t\t\t\t<\/a>\n\t\t\t\t\t\t\t\t\t<\/li>\n\t\t\t\t\t\t\t\t<li class=\"elementor-icon-list-item elementor-inline-item\">\n\t\t\t\t\t\t\t\t\t\t\t<a href=\"#\" target=\"_blank\">\n\n\t\t\t\t\t\t\t\t\t\t\t\t<span class=\"elementor-icon-list-icon\">\n\t\t\t\t\t\t\t<svg xmlns=\"http:\/\/www.w3.org\/2000\/svg\" id=\"Capa_1\" data-name=\"Capa 1\" viewbox=\"0 0 80 80\"><defs><style> .cls-1, .cls-2 { fill: #f7ebd4; } .cls-2 { fill-rule: evenodd; } <\/style><\/defs><path class=\"cls-1\" d=\"m77.22,16.52c-2.38,1.08-5,1.73-7.58,2.16,1.22-.2,3.02-2.42,3.74-3.31,1.1-1.36,2.01-2.92,2.52-4.59.07-.13.12-.3-.02-.39-.16-.07-.27-.03-.4.03-2.87,1.54-5.84,2.65-9,3.44-.26.07-.46,0-.62-.16-.26-.3-.51-.57-.79-.8-1.33-1.13-2.75-2.02-4.36-2.67-2.11-.86-4.41-1.22-6.69-1.08-2.21.14-4.38.77-6.34,1.79-1.97,1.03-3.72,2.46-5.12,4.18-1.44,1.78-2.51,3.89-3.06,6.12-.53,2.15-.48,4.28-.16,6.46.05.36.02.41-.31.36-12.36-1.84-22.61-6.26-30.92-15.74-.36-.41-.56-.41-.85.03-3.64,5.46-1.87,14.22,2.67,18.53.61.57,1.23,1.15,1.9,1.67-.25.05-3.27-.28-5.97-1.67-.36-.23-.54-.1-.57.31-.03.59.02,1.13.1,1.77.7,5.53,4.53,10.65,9.77,12.64.62.26,1.31.49,1.98.61-1.2.26-2.43.45-5.85.18-.43-.08-.59.13-.43.54,2.58,7.02,8.13,9.11,12.3,10.3.56.1,1.11.1,1.67.23-.03.05-.07.05-.1.1-1.38,2.11-6.17,3.67-8.4,4.45-4.05,1.42-8.47,2.05-12.75,1.63-.69-.1-.83-.09-1.02,0-.19.12-.02.28.2.46.87.57,1.75,1.08,2.66,1.57,2.72,1.44,5.56,2.59,8.53,3.41,15.32,4.23,32.58,1.12,44.08-10.31,9.03-8.98,12.2-21.35,12.2-33.75,0-.49.57-.75.91-1.01,2.35-1.77,4.22-3.88,5.97-6.24.39-.53.37-1,.37-1.2v-.07c0-.2.02-.14-.28,0Z\"><\/path><path class=\"cls-2\" d=\"m24.77,70.62c-.1,0-1.24,0,0,0,0,0-.2,0,0,0Z\"><\/path><path class=\"cls-2\" d=\"m27.3,70.69c0-.13,1.33,0,0,0,0-.07.16,0,0,0Z\"><\/path><path class=\"cls-2\" d=\"m53.83,9.2c-.08.07-.2.07-.31,0h.31Z\"><\/path><\/svg>\t\t\t\t\t\t<\/span>\n\t\t\t\t\t\t\t\t\t\t<span class=\"elementor-icon-list-text\"><\/span>\n\t\t\t\t\t\t\t\t\t\t\t<\/a>\n\t\t\t\t\t\t\t\t\t<\/li>\n\t\t\t\t\t\t\t\t<li class=\"elementor-icon-list-item elementor-inline-item\">\n\t\t\t\t\t\t\t\t\t\t\t<a href=\"#\" target=\"_blank\">\n\n\t\t\t\t\t\t\t\t\t\t\t\t<span class=\"elementor-icon-list-icon\">\n\t\t\t\t\t\t\t<svg xmlns=\"http:\/\/www.w3.org\/2000\/svg\" id=\"Capa_1\" data-name=\"Capa 1\" viewbox=\"0 0 80 80\"><defs><style> .cls-1 { fill: #f7ebd4; fill-rule: evenodd; } <\/style><\/defs><path class=\"cls-1\" d=\"m58.68,40.12c-1.74,0-3.08,1.35-3.08,3.1,0,1.68,1.38,3.04,3.1,3.04s3.04-1.37,3.06-3.06c.02-1.69-1.38-3.08-3.08-3.08Z\"><\/path><path class=\"cls-1\" d=\"m58.67,33.93c-4.95-.09-9.29,4.01-9.29,9.26,0,5.19,4.3,9.48,9.67,9.28,4.81-.18,8.89-4.16,8.89-9.3s-4.15-9.25-9.27-9.24Zm-.02,15.32c-3.32-.01-6.07-2.77-6.05-6.08.01-3.34,2.74-6.03,6.1-6.03s6.02,2.71,6.02,6.06-2.73,6.07-6.06,6.06Z\"><\/path><path class=\"cls-1\" d=\"m21.06,40.09c-1.75,0-3.1,1.35-3.1,3.09s1.35,3.12,3.11,3.12c1.71,0,3.11-1.4,3.11-3.11-.01-1.72-1.39-3.1-3.12-3.1Z\"><\/path><path class=\"cls-1\" d=\"m73.96,32.49c-.16-.23-.14-.44-.07-.67.63-2.22,1.7-4.22,2.95-6.14.17-.26.35-.53.52-.79.02-.02,0-.05,0-.12-.3-.01-.59-.05-.89-.05-3.68,0-7.37,0-11.05,0-.25,0-.55-.09-.77-.22-3.14-1.96-6.47-3.48-10.01-4.57-2.02-.62-4.07-1.15-6.17-1.44-2.84-.39-7.11-.96-12.45-.55-2.19.15-4.36.44-6.51.86-2.23.43-4.41,1.02-6.55,1.77-2.96,1.05-5.79,2.39-8.43,4.1-.15.09-.32.15-.49.15-3.77.01-7.54.01-11.32,0-.06,0-.12-.01-.18-.02v.15c.31.43.65.85.94,1.3,1.12,1.78,2.07,3.63,2.63,5.67.05.16.02.4-.08.54-1.37,1.94-2.36,4.05-2.93,6.35-.2.79-.98,4.05-.33,7.43.56,3.62,2.07,6.8,4.49,9.54,2.47,2.81,5.54,4.7,9.13,5.69,2.55.7,5.14.85,7.75.44,4.7-.75,8.57-2.97,11.64-6.59.02-.03.05-.06.08-.08.02-.02.04-.02.13-.07,1.3,1.94,2.6,3.89,3.95,5.9,1.35-2.02,2.67-3.99,4.01-5.99.36.4.67.78,1.01,1.13,2.54,2.71,5.62,4.51,9.21,5.44,1.47.38,2.98.58,4.49.57,3.6-.01,6.96-.94,10-2.87,4.26-2.7,7.06-6.51,8.26-11.4,1.37-5.58.33-10.75-2.96-15.46Zm-52.51,25.82c-8.39.07-14.97-6.7-15.1-14.68-.14-8.56,6.88-15.28,14.94-15.21,8.32,0,15,6.68,14.98,15.01-.02,8.11-6.61,14.82-14.82,14.89Zm12.5-28.87c-3.38-3.07-7.37-4.65-11.92-4.93,6.08-2.55,12.46-3.52,19.01-3.39,5.77.11,11.37,1.12,16.68,3.48-4.48.34-8.42,1.93-11.73,4.97-3.31,3.03-5.23,6.82-5.96,11.27-.72-4.5-2.69-8.32-6.06-11.39Zm24.76,28.95c-8.25.04-14.97-6.73-14.97-15.01.08-8.15,6.47-14.74,14.65-14.91,8.28-.17,15.28,6.32,15.29,14.95,0,8.37-6.68,14.95-14.97,14.98Z\"><\/path><path class=\"cls-1\" d=\"m21.08,33.93c-4.93-.09-9.3,3.96-9.31,9.26-.01,5.22,4.35,9.52,9.74,9.27,4.73-.21,8.81-4.1,8.83-9.28.02-5.12-4.14-9.26-9.26-9.25Zm-.01,15.32c-3.33,0-6.07-2.74-6.08-6.06-.01-3.29,2.73-6.05,6-6.05,3.4,0,6.11,2.67,6.12,6.04,0,3.33-2.74,6.09-6.05,6.08Z\"><\/path><\/svg>\t\t\t\t\t\t<\/span>\n\t\t\t\t\t\t\t\t\t\t<span class=\"elementor-icon-list-text\"><\/span>\n\t\t\t\t\t\t\t\t\t\t\t<\/a>\n\t\t\t\t\t\t\t\t\t<\/li>\n\t\t\t\t\t\t\t\t<li class=\"elementor-icon-list-item elementor-inline-item\">\n\t\t\t\t\t\t\t\t\t\t\t<a href=\"#\" target=\"_blank\">\n\n\t\t\t\t\t\t\t\t\t\t\t\t<span class=\"elementor-icon-list-icon\">\n\t\t\t\t\t\t\t<svg xmlns=\"http:\/\/www.w3.org\/2000\/svg\" id=\"Capa_1\" data-name=\"Capa 1\" viewbox=\"0 0 80 80\"><defs><style> .cls-1 { fill: #f7ebd4; } <\/style><\/defs><path class=\"cls-1\" d=\"m44.23,34.06c1.93-3.55,4.96-5.71,8.73-6.98,2.35-.79,4.75-1.04,7.19-.88,3.63.24,7.18.8,10.28,2.95,3.06,2.11,4.74,5.12,5.73,8.59,1.01,3.55,1.3,7.18,1.31,10.85,0,9.5.09,19,.14,28.5,0,.06-.02.12-.05.24h-15.54v-.93c0-6.88.01-13.76,0-20.64,0-2.34.03-4.7-.18-7.03-.19-2.18-.46-4.4-1.83-6.25-1.14-1.55-2.73-2.28-4.62-2.56-1.67-.25-3.29-.18-4.89.29-3.08.91-4.62,3.24-5.29,6.17-.37,1.62-.54,3.32-.55,4.98-.06,8.56-.03,17.12-.03,25.68,0,.12-.01.24-.02.43h-15.51V27.4h14.94c0,2.24,0,4.48,0,6.73.03.03.07.07.1.1.03-.06.06-.11.1-.17Z\"><\/path><path class=\"cls-1\" d=\"m19.24,77.5H3.73V27.39h15.51v50.11Z\"><\/path><path class=\"cls-1\" d=\"m11.28,2.52c5.21-.32,8.9,4.09,9.13,8.25.3,5.72-4.24,9.48-8.69,9.75-5,.31-9.69-4.4-9.31-9.75.28-4.03,3.83-8.53,8.87-8.25Z\"><\/path><path class=\"cls-1\" d=\"m44.23,34.06c-.03.06-.06.11-.1.17-.03-.03-.07-.07-.1-.1.07-.02.13-.05.2-.07Z\"><\/path><\/svg>\t\t\t\t\t\t<\/span>\n\t\t\t\t\t\t\t\t\t\t<span class=\"elementor-icon-list-text\"><\/span>\n\t\t\t\t\t\t\t\t\t\t\t<\/a>\n\t\t\t\t\t\t\t\t\t<\/li>\n\t\t\t\t\t\t<\/ul>\n\t\t\t\t\t\t<\/div>\n\t\t\t\t<\/div>\n\t\t\t\t<\/div>\n\t\t<div class=\"elementor-element elementor-element-8ee35f3 e-con-full e-flex e-con e-parent\" data-id=\"8ee35f3\" data-element_type=\"container\">\n\t\t\t\t<div class=\"elementor-element elementor-element-7dc0d071 elementor-widget elementor-widget-text-editor\" data-id=\"7dc0d071\" data-element_type=\"widget\" data-widget_type=\"text-editor.default\">\n\t\t\t\t<div class=\"elementor-widget-container\">\n\t\t\t\t\t\t\t\t\t<p>\u00a9 2023 Humberto Canale | Privacy policies<\/p><p>Drink in moderation. Sale prohibited to minors under 18 years of age.<\/p>\t\t\t\t\t\t\t\t<\/div>\n\t\t\t\t<\/div>\n\t\t\t\t<\/div>\n\t\t\t\t\t<\/div>\n\t\t\t\t<\/div>\n\t\t\t\t<\/div>","protected":false},"excerpt":{"rendered":"<p>COMPOSICI\u00d3N Varietal 100% ORIGEN Vi\u00f1edos propios de m\u00e1s de 60 a\u00f1os localizados en General Roca, Alto Valle de R\u00edo Negro, Patagonia. GUARDA 10 a\u00f1os NOTA DE CATA Intenso color rojo granate y leves colores teja en el anillo; aromas frutados a mora y grosella, algo de pimiento verde caracter\u00edstico de la variedad; en la boca [&hellip;]<\/p>","protected":false},"author":1,"featured_media":0,"parent":0,"menu_order":0,"comment_status":"closed","ping_status":"closed","template":"","meta":{"footnotes":""},"class_list":["post-1200","page","type-page","status-publish","hentry"],"blocksy_meta":[],"_links":{"self":[{"href":"https:\/\/bodegahcanale.com\/eng\/wp-json\/wp\/v2\/pages\/1200","targetHints":{"allow":["GET"]}}],"collection":[{"href":"https:\/\/bodegahcanale.com\/eng\/wp-json\/wp\/v2\/pages"}],"about":[{"href":"https:\/\/bodegahcanale.com\/eng\/wp-json\/wp\/v2\/types\/page"}],"author":[{"embeddable":true,"href":"https:\/\/bodegahcanale.com\/eng\/wp-json\/wp\/v2\/users\/1"}],"replies":[{"embeddable":true,"href":"https:\/\/bodegahcanale.com\/eng\/wp-json\/wp\/v2\/comments?post=1200"}],"version-history":[{"count":4,"href":"https:\/\/bodegahcanale.com\/eng\/wp-json\/wp\/v2\/pages\/1200\/revisions"}],"predecessor-version":[{"id":1204,"href":"https:\/\/bodegahcanale.com\/eng\/wp-json\/wp\/v2\/pages\/1200\/revisions\/1204"}],"wp:attachment":[{"href":"https:\/\/bodegahcanale.com\/eng\/wp-json\/wp\/v2\/media?parent=1200"}],"curies":[{"name":"wp","href":"https:\/\/api.w.org\/{rel}","templated":true}]}}